{"id":199,"date":"2017-03-04T15:34:36","date_gmt":"2017-03-04T14:34:36","guid":{"rendered":"http:\/\/petiteescalepouget.fr\/?page_id=199"},"modified":"2025-08-09T18:11:53","modified_gmt":"2025-08-09T16:11:53","slug":"activites-2","status":"publish","type":"page","link":"https:\/\/petiteescalepouget.fr\/index.php\/activites-2\/","title":{"rendered":"Activit\u00e9s"},"content":{"rendered":"<div id=\"bk18\" class=\"bk-widget widget-content widget-content-526804\">\n<p>Au d\u00e9part de la petite escale vous rejoindrez \u00e0 pied les diff\u00e9rents parcours balis\u00e9s du village de\u00a0Pailherols pour d\u00e9couvrir en randonn\u00e9es p\u00e9destres\u00a0les alentours du village ou monter au sommet du\u00a0Plomb du Cantal qui culmine \u00e0 1858m.\u00a0 Mais vous pourrez aussi vous arr\u00eater \u00e0 la petite escale du Pouget lors de votre randonn\u00e9e sur le chemin GR465 qui passe par Pailherols. Ce GR465 rejoint Murat \u00e0 Conques en passant par le plomb du Cantal<img loading=\"lazy\" decoding=\"async\" class=\"size-medium wp-image-103 alignleft\" src=\"https:\/\/petiteescalepouget.fr\/wp-content\/uploads\/2017\/03\/IMG_1495-300x225.jpg\" alt=\"\" width=\"300\" height=\"225\" srcset=\"https:\/\/petiteescalepouget.fr\/wp-content\/uploads\/2017\/03\/IMG_1495-300x225.jpg 300w, https:\/\/petiteescalepouget.fr\/wp-content\/uploads\/2017\/03\/IMG_1495.jpg 400w\" sizes=\"(max-width: 300px) 100vw, 300px\" \/><img loading=\"lazy\" decoding=\"async\" class=\"size-medium wp-image-246 alignright\" src=\"https:\/\/petiteescalepouget.fr\/wp-content\/uploads\/2017\/03\/P1010814-300x169.jpg\" alt=\"\" width=\"300\" height=\"169\" \/><\/p>\n<p>&nbsp;<\/p>\n<p>&nbsp;<\/p>\n<p>&nbsp;<\/p>\n<p>&nbsp;<\/p>\n<p>&nbsp;<\/p>\n<p>Vous pourrez vous adonner au v\u00e9lo ou VTT sur les petites\u00a0routes de campagne ou sur les sentiers.<\/p>\n<p><img loading=\"lazy\" decoding=\"async\" class=\"wp-image-386 alignleft\" src=\"https:\/\/petiteescalepouget.fr\/wp-content\/uploads\/2019\/08\/v\u00e9lo-electrique-moustache-300x170.jpg\" alt=\"\" width=\"141\" height=\"80\" srcset=\"https:\/\/petiteescalepouget.fr\/wp-content\/uploads\/2019\/08\/v\u00e9lo-electrique-moustache-300x170.jpg 300w, https:\/\/petiteescalepouget.fr\/wp-content\/uploads\/2019\/08\/v\u00e9lo-electrique-moustache.jpg 396w\" sizes=\"(max-width: 141px) 100vw, 141px\" \/><\/p>\n<p>&nbsp;<\/p>\n<p>&nbsp;<\/p>\n<p style=\"text-align: left;\">Vous pourrez louer votre vtt \u00e9lectrique \u00e0 l&rsquo;association des Flocons verts dans le centre du village pour plus de confort dans vos balades<\/p>\n<p>&nbsp;<\/p>\n<p>L&rsquo;hiver, vous emprunterez les sentiers en raquettes et certaines seront\u00a0dam\u00e9es pour vous permettre de vous\u00a0 adonner au ski de fond.<\/p>\n<\/div>\n<div id=\"bk19\" class=\"bk-widget widget-columns widget-content-6Y4XN\">\n<div id=\"bk20\" class=\"control-zone widget-columns-column widget-columns-column-76D88K\">\n<div class=\"widget-columns-column-padding bk-first\">\n<div class=\"bk-widget widget-image widget-image-I94535\"><img loading=\"lazy\" decoding=\"async\" class=\"size-medium wp-image-121 alignright\" src=\"https:\/\/petiteescalepouget.fr\/wp-content\/uploads\/2017\/03\/P1000896-300x225.jpg\" alt=\"\" width=\"300\" height=\"225\" srcset=\"https:\/\/petiteescalepouget.fr\/wp-content\/uploads\/2017\/03\/P1000896-300x225.jpg 300w, https:\/\/petiteescalepouget.fr\/wp-content\/uploads\/2017\/03\/P1000896.jpg 400w\" sizes=\"(max-width: 300px) 100vw, 300px\" \/><\/div>\n<div><\/div>\n<p><img loading=\"lazy\" decoding=\"async\" class=\"size-medium wp-image-129 aligncenter\" src=\"https:\/\/petiteescalepouget.fr\/wp-content\/uploads\/2017\/03\/topo-plan-violettes-300x248.jpg\" alt=\"\" width=\"300\" height=\"248\" srcset=\"https:\/\/petiteescalepouget.fr\/wp-content\/uploads\/2017\/03\/topo-plan-violettes-300x248.jpg 300w, https:\/\/petiteescalepouget.fr\/wp-content\/uploads\/2017\/03\/topo-plan-violettes.jpg 400w\" sizes=\"(max-width: 300px) 100vw, 300px\" \/><\/p>\n<div>Offrez vous une petite balade gourmande au d\u00e9part de Paiherols, en suivant ce circuit vous d\u00e9couvrirez la transformation\u00a0 du lait.<\/div>\n<div><img loading=\"lazy\" decoding=\"async\" class=\"size-medium wp-image-353 aligncenter\" src=\"https:\/\/petiteescalepouget.fr\/wp-content\/uploads\/2018\/01\/P1030835-300x169.jpg\" alt=\"\" width=\"300\" height=\"169\" srcset=\"https:\/\/petiteescalepouget.fr\/wp-content\/uploads\/2018\/01\/P1030835-300x169.jpg 300w, https:\/\/petiteescalepouget.fr\/wp-content\/uploads\/2018\/01\/P1030835.jpg 432w\" sizes=\"(max-width: 300px) 100vw, 300px\" \/><\/div>\n<div><\/div>\n<p><img loading=\"lazy\" decoding=\"async\" class=\"alignnone size-medium wp-image-355 alignright\" src=\"https:\/\/petiteescalepouget.fr\/wp-content\/uploads\/2018\/01\/P1030834-169x300.jpg\" alt=\"\" width=\"169\" height=\"300\" srcset=\"https:\/\/petiteescalepouget.fr\/wp-content\/uploads\/2018\/01\/P1030834-169x300.jpg 169w, https:\/\/petiteescalepouget.fr\/wp-content\/uploads\/2018\/01\/P1030834.jpg 243w\" sizes=\"(max-width: 169px) 100vw, 169px\" \/><\/p>\n<div><\/div>\n<div><\/div>\n<div><\/div>\n<div><\/div>\n<div><\/div>\n<div><\/div>\n<div>Activit\u00e9 tous les jeudis d&rsquo;\u00e9t\u00e9 \u00e0 partir de 15h30<\/div>\n<\/div>\n<\/div>\n<\/div>\n<div><\/div>\n<div><\/div>\n<div><\/div>\n<div><\/div>\n<div><\/div>\n<div>\u00a0<span style=\"text-align: right; font-size: 1rem;\">Mais\u00a0 aussi des balades en poney ou cheval<\/span><\/div>\n<div>ferme \u00e9questre des burons 06 83 55 17 07<\/div>\n<div>ferme-equestre.fr<\/div>\n<div id=\"bk27\" class=\"bk-widget widget-columns widget-content-BAAEI\">\n<div id=\"bk30\" class=\"control-zone widget-columns-column widget-columns-column-38AGU1\">\n<div class=\"widget-columns-column-padding bk-last\">\n<div id=\"bk31\" class=\"bk-widget widget-content widget-content-I29328\">\n<p><img loading=\"lazy\" decoding=\"async\" class=\"size-medium wp-image-300 aligncenter\" src=\"https:\/\/petiteescalepouget.fr\/wp-content\/uploads\/2017\/04\/ferme-equestre-300x166.jpg\" alt=\"\" width=\"300\" height=\"166\" srcset=\"https:\/\/petiteescalepouget.fr\/wp-content\/uploads\/2017\/04\/ferme-equestre-300x166.jpg 300w, https:\/\/petiteescalepouget.fr\/wp-content\/uploads\/2017\/04\/ferme-equestre.jpg 400w\" sizes=\"(max-width: 300px) 100vw, 300px\" \/><\/p>\n<\/div>\n<p>Vous pourrez aussi avant ou apr\u00e8s ces d\u00e9couvertes, prendre soin de votre corps et de votre esprit avec Marie-Christine pour un cours de yoga ou de pilates.<\/p>\n<p><img loading=\"lazy\" decoding=\"async\" class=\"\" src=\"https:\/\/petiteescalepouget.fr\/wp-content\/uploads\/2025\/01\/1736852932126-scaled.jpg\" alt=\"L\u2019attribut alt de cette image est vide, son nom de fichier est 1736852932126-scaled.jpg.\" width=\"313\" height=\"313\" \/><\/p>\n<p>&nbsp;<\/p>\n<div id=\"bk31\" class=\"bk-widget widget-content widget-content-I29328\">\n<p><strong>Les Flocons verts<\/strong>, l&rsquo;association de tourisme\u00a0de Pailherols, vous accueillera pour vous\u00a0donner\u00a0\u00a0toutes les informations\u00a0n\u00e9cessaires \u00e0 vos balades ou louer le\u00a0mat\u00e9riel pour les randonn\u00e9es\u00a0d&rsquo;hiver :\u00a0\u00a0raquettes, ski<\/p>\n<p><strong>tel 04 71 47 56 67<\/strong><\/p>\n<p><strong>Calendrier des manifestations \u00e0 Pailherols<\/strong>:<\/p>\n<ul>\n<li>F\u00eate des fromages :\u00a0 1 week-end de juin<\/li>\n<li>Messe\u00a0des bergers :\u00a0 \u00a0juillet<\/li>\n<li>F\u00eate du p\u00e9lerinage :\u00a0 \u00a0 ao\u00fbt<\/li>\n<\/ul>\n<p><span style=\"font-size: 1rem;\">Si vous <\/span>pr\u00e9f\u00e9rez<span style=\"font-size: 1rem;\">\u00a0le ski alpin, la station du Lioran, vous permettra\u00a0de pratiquer votre activit\u00e9 \u00e0 seulement 30 minutes de voiture de la Petite Escale du Pouget.<\/span><\/p>\n<\/div>\n<\/div>\n<\/div>\n<\/div>\n<div id=\"bk32\" class=\"bk-widget widget-columns widget-content-GOEH9\">\n<div id=\"bk35\" class=\"control-zone widget-columns-column widget-columns-column-JP9T05\">\n<div class=\"widget-columns-column-padding bk-last\">\n<div id=\"bk36\" class=\"bk-widget widget-image widget-image-V88CQB\"><img loading=\"lazy\" decoding=\"async\" class=\"alignnone size-medium wp-image-107 aligncenter\" src=\"https:\/\/petiteescalepouget.fr\/wp-content\/uploads\/2017\/03\/Lioran-Photo-verticale-241x300.jpg\" alt=\"\" width=\"241\" height=\"300\" srcset=\"https:\/\/petiteescalepouget.fr\/wp-content\/uploads\/2017\/03\/Lioran-Photo-verticale-241x300.jpg 241w, https:\/\/petiteescalepouget.fr\/wp-content\/uploads\/2017\/03\/Lioran-Photo-verticale.jpg 400w\" sizes=\"(max-width: 241px) 100vw, 241px\" \/><\/div>\n<div class=\"bk-widget widget-image widget-image-V88CQB\"><\/div>\n<div class=\"bk-widget widget-image widget-image-V88CQB\"><\/div>\n<div class=\"bk-widget widget-image widget-image-V88CQB\">Tous les propri\u00e9taires de v\u00e9lo, ski, raquettes pourront ranger leur mat\u00e9riel dans un local ferm\u00e9 \u00e0 clef.<\/div>\n<div class=\"bk-widget widget-image widget-image-V88CQB\"><\/div>\n<\/div>\n<\/div>\n<\/div>\n<div id=\"bk38\" class=\"bk-widget widget-columns widget-content-LM142\">\n<div id=\"bk39\" class=\"control-zone widget-columns-column widget-columns-column-D8AVRB\">\n<div class=\"widget-columns-column-padding bk-first\">\n<div id=\"bk40\" class=\"bk-widget widget-content widget-content-W5G18J\">\n<p>Mais le Cantal c&rsquo;est aussi de l&rsquo;histoire avec de magnifiques ch\u00e2teaux comme par exemple \u00a0le\u00a0ch\u00e2teau de Pesteils \u00e0 Polminhac \u00a0\u00e0 une vingtaine de kilom\u00e8tre de la petite escale\u00a0du Pouget mais aussi le ch\u00e2teau de Conros avec ses jardins et des arbres\u00a0l\u00e9gendaires \u00e0 45 minutes et le chateau d&rsquo;Anjony \u00e0 Tournemire \u00e0 50 kilom\u00e8tres de\u00a0notre chambre d&rsquo;h\u00f4tes.<\/p>\n<p><img loading=\"lazy\" decoding=\"async\" class=\"size-full wp-image-88 alignright\" src=\"https:\/\/petiteescalepouget.fr\/wp-content\/uploads\/2017\/03\/anjony.jpg\" alt=\"\" width=\"300\" height=\"300\" srcset=\"https:\/\/petiteescalepouget.fr\/wp-content\/uploads\/2017\/03\/anjony.jpg 300w, https:\/\/petiteescalepouget.fr\/wp-content\/uploads\/2017\/03\/anjony-150x150.jpg 150w, https:\/\/petiteescalepouget.fr\/wp-content\/uploads\/2017\/03\/anjony-100x100.jpg 100w\" sizes=\"(max-width: 300px) 100vw, 300px\" \/>\u00a0<img loading=\"lazy\" decoding=\"async\" class=\"size-full wp-image-87 aligncenter\" src=\"https:\/\/petiteescalepouget.fr\/wp-content\/uploads\/2017\/03\/280px-Ch\u00e2teau_de_Conros_Arpajon.jpg\" alt=\"\" width=\"280\" height=\"206\" \/><\/p>\n<\/div>\n<\/div>\n<\/div>\n<div id=\"bk41\" class=\"control-zone widget-columns-column widget-columns-column-7SPY48\"><\/div>\n<\/div>\n","protected":false},"excerpt":{"rendered":"<p>Au d\u00e9part de la petite escale vous rejoindrez \u00e0 pied les diff\u00e9rents parcours balis\u00e9s du village de\u00a0Pailherols pour d\u00e9couvrir en randonn\u00e9es p\u00e9destres\u00a0les alentours du village ou monter au sommet du\u00a0Plomb du Cantal qui culmine \u00e0 1858m.\u00a0 Mais vous pourrez aussi vous arr\u00eater \u00e0 la petite escale du Pouget lors de votre randonn\u00e9e sur le chemin &hellip; <\/p>\n<p class=\"link-more\"><a href=\"https:\/\/petiteescalepouget.fr\/index.php\/activites-2\/\" class=\"more-link\">Continuer la lecture<span class=\"screen-reader-text\"> de &laquo;&nbsp;Activit\u00e9s&nbsp;&raquo;<\/span><\/a><\/p>\n","protected":false},"author":1,"featured_media":104,"parent":0,"menu_order":0,"comment_status":"closed","ping_status":"closed","template":"","meta":{"footnotes":""},"_links":{"self":[{"href":"https:\/\/petiteescalepouget.fr\/index.php\/wp-json\/wp\/v2\/pages\/199"}],"collection":[{"href":"https:\/\/petiteescalepouget.fr\/index.php\/wp-json\/wp\/v2\/pages"}],"about":[{"href":"https:\/\/petiteescalepouget.fr\/index.php\/wp-json\/wp\/v2\/types\/page"}],"author":[{"embeddable":true,"href":"https:\/\/petiteescalepouget.fr\/index.php\/wp-json\/wp\/v2\/users\/1"}],"replies":[{"embeddable":true,"href":"https:\/\/petiteescalepouget.fr\/index.php\/wp-json\/wp\/v2\/comments?post=199"}],"version-history":[{"count":26,"href":"https:\/\/petiteescalepouget.fr\/index.php\/wp-json\/wp\/v2\/pages\/199\/revisions"}],"predecessor-version":[{"id":565,"href":"https:\/\/petiteescalepouget.fr\/index.php\/wp-json\/wp\/v2\/pages\/199\/revisions\/565"}],"wp:featuredmedia":[{"embeddable":true,"href":"https:\/\/petiteescalepouget.fr\/index.php\/wp-json\/wp\/v2\/media\/104"}],"wp:attachment":[{"href":"https:\/\/petiteescalepouget.fr\/index.php\/wp-json\/wp\/v2\/media?parent=199"}],"curies":[{"name":"wp","href":"https:\/\/api.w.org\/{rel}","templated":true}]}}