{"id":8,"date":"2017-02-28T16:08:33","date_gmt":"2017-02-28T15:08:33","guid":{"rendered":"http:\/\/petiteescalepouget.fr\/?page_id=8"},"modified":"2025-08-26T08:51:54","modified_gmt":"2025-08-26T06:51:54","slug":"chambres-et-disponibilites-2","status":"publish","type":"page","link":"https:\/\/petiteescalepouget.fr\/index.php\/chambres-et-disponibilites-2\/","title":{"rendered":"Salon et salle petit-d\u00e9jeuner"},"content":{"rendered":"\n<p>Cette partie de la maison est enti\u00e8rement privatis\u00e9e pour les h\u00f4tes que la location soit pour 1 seule chambre ou les 2 chambres. Vous aurez donc \u00e0 votre disposition 46m\u00b2 \u00e0 minima pour votre s\u00e9jour.<\/p>\n\n\n<div class=\"wp-block-image\">\n<figure class=\"alignright size-large is-resized\"><img loading=\"lazy\" decoding=\"async\" width=\"1024\" height=\"683\" src=\"https:\/\/petiteescalepouget.fr\/wp-content\/uploads\/2025\/08\/PHOTO-SALON-1024x683.jpg\" alt=\"\" class=\"wp-image-581\" style=\"width:387px;height:auto\" srcset=\"https:\/\/petiteescalepouget.fr\/wp-content\/uploads\/2025\/08\/PHOTO-SALON-1024x683.jpg 1024w, https:\/\/petiteescalepouget.fr\/wp-content\/uploads\/2025\/08\/PHOTO-SALON-300x200.jpg 300w, https:\/\/petiteescalepouget.fr\/wp-content\/uploads\/2025\/08\/PHOTO-SALON-768x512.jpg 768w, https:\/\/petiteescalepouget.fr\/wp-content\/uploads\/2025\/08\/PHOTO-SALON.jpg 1500w\" sizes=\"(max-width: 767px) 89vw, (max-width: 1000px) 54vw, (max-width: 1071px) 543px, 580px\" \/><\/figure><\/div>\n\n\n<p>Le matin nous vous retrouverons pour vous servir un petit-d\u00e9jeuner continental. &nbsp;Si vous le souhaitez, nous pourrons partager avec vous vos pr\u00e9parations de balades et visites.<\/p>\n\n\n<div class=\"wp-block-image\">\n<figure class=\"alignright size-large is-resized\"><img loading=\"lazy\" decoding=\"async\" width=\"683\" height=\"1024\" src=\"https:\/\/petiteescalepouget.fr\/wp-content\/uploads\/2025\/08\/IMG_5250-Avec-accentuation-Bruit-683x1024.jpg\" alt=\"\" class=\"wp-image-498\" style=\"width:261px;height:auto\" srcset=\"https:\/\/petiteescalepouget.fr\/wp-content\/uploads\/2025\/08\/IMG_5250-Avec-accentuation-Bruit-683x1024.jpg 683w, https:\/\/petiteescalepouget.fr\/wp-content\/uploads\/2025\/08\/IMG_5250-Avec-accentuation-Bruit-200x300.jpg 200w, https:\/\/petiteescalepouget.fr\/wp-content\/uploads\/2025\/08\/IMG_5250-Avec-accentuation-Bruit-768x1152.jpg 768w, https:\/\/petiteescalepouget.fr\/wp-content\/uploads\/2025\/08\/IMG_5250-Avec-accentuation-Bruit.jpg 1000w\" sizes=\"(max-width: 683px) 100vw, 683px\" \/><\/figure><\/div>\n\n\n<p class=\"has-text-align-left\">Le petit-d\u00e9jeuner est compos\u00e9 de caf\u00e9, th\u00e9 ou &nbsp;chocolat &nbsp;pour&nbsp;la&nbsp;boisson chaude,&nbsp;accompagn\u00e9 &nbsp;d&rsquo;un jus de fruit,&nbsp;pain,&nbsp;confiture, cake, pain d&rsquo;\u00e9pice ou autres&nbsp;suivant&nbsp;l&rsquo;inspiration&nbsp;&nbsp;du moment.<\/p>\n\n\n\n<p><\/p>\n\n\n\n<p><\/p>\n\n\n\n<p><\/p>\n\n\n\n<p><\/p>\n\n\n\n<p><\/p>\n\n\n\n<p><\/p>\n\n\n\n<p><\/p>\n\n\n\n<p><\/p>\n\n\n\n<p>A votre retour, vous pourrez prendre un&nbsp;moment de repos au coin du feu en hiver&nbsp;ou sur la terrasse&nbsp;aux beaux jours.<\/p>\n\n\n\n<figure class=\"wp-block-image size-large is-resized\"><img loading=\"lazy\" decoding=\"async\" width=\"683\" height=\"1024\" src=\"https:\/\/petiteescalepouget.fr\/wp-content\/uploads\/2025\/08\/IMG_5319-683x1024.jpg\" alt=\"\" class=\"wp-image-533\" style=\"width:310px;height:auto\" srcset=\"https:\/\/petiteescalepouget.fr\/wp-content\/uploads\/2025\/08\/IMG_5319-683x1024.jpg 683w, https:\/\/petiteescalepouget.fr\/wp-content\/uploads\/2025\/08\/IMG_5319-200x300.jpg 200w, https:\/\/petiteescalepouget.fr\/wp-content\/uploads\/2025\/08\/IMG_5319-768x1152.jpg 768w, https:\/\/petiteescalepouget.fr\/wp-content\/uploads\/2025\/08\/IMG_5319.jpg 1000w\" sizes=\"(max-width: 683px) 100vw, 683px\" \/><\/figure>\n\n\n\n<p><\/p>\n","protected":false},"excerpt":{"rendered":"<p>Cette partie de la maison est enti\u00e8rement privatis\u00e9e pour les h\u00f4tes que la location soit pour 1 seule chambre ou les 2 chambres. Vous aurez donc \u00e0 votre disposition 46m\u00b2 \u00e0 minima pour votre s\u00e9jour. Le matin nous vous retrouverons pour vous servir un petit-d\u00e9jeuner continental. &nbsp;Si vous le souhaitez, nous pourrons partager avec vous &hellip; <\/p>\n<p class=\"link-more\"><a href=\"https:\/\/petiteescalepouget.fr\/index.php\/chambres-et-disponibilites-2\/\" class=\"more-link\">Continuer la lecture<span class=\"screen-reader-text\"> de &laquo;&nbsp;Salon et salle petit-d\u00e9jeuner&nbsp;&raquo;<\/span><\/a><\/p>\n","protected":false},"author":1,"featured_media":499,"parent":0,"menu_order":0,"comment_status":"closed","ping_status":"closed","template":"","meta":{"footnotes":""},"_links":{"self":[{"href":"https:\/\/petiteescalepouget.fr\/index.php\/wp-json\/wp\/v2\/pages\/8"}],"collection":[{"href":"https:\/\/petiteescalepouget.fr\/index.php\/wp-json\/wp\/v2\/pages"}],"about":[{"href":"https:\/\/petiteescalepouget.fr\/index.php\/wp-json\/wp\/v2\/types\/page"}],"author":[{"embeddable":true,"href":"https:\/\/petiteescalepouget.fr\/index.php\/wp-json\/wp\/v2\/users\/1"}],"replies":[{"embeddable":true,"href":"https:\/\/petiteescalepouget.fr\/index.php\/wp-json\/wp\/v2\/comments?post=8"}],"version-history":[{"count":16,"href":"https:\/\/petiteescalepouget.fr\/index.php\/wp-json\/wp\/v2\/pages\/8\/revisions"}],"predecessor-version":[{"id":583,"href":"https:\/\/petiteescalepouget.fr\/index.php\/wp-json\/wp\/v2\/pages\/8\/revisions\/583"}],"wp:featuredmedia":[{"embeddable":true,"href":"https:\/\/petiteescalepouget.fr\/index.php\/wp-json\/wp\/v2\/media\/499"}],"wp:attachment":[{"href":"https:\/\/petiteescalepouget.fr\/index.php\/wp-json\/wp\/v2\/media?parent=8"}],"curies":[{"name":"wp","href":"https:\/\/api.w.org\/{rel}","templated":true}]}}

Salon et salle petit-déjeuner

<p>Cette partie de la maison est entièrement privatisée pour les hôtes que la location soit pour 1 seule chambre ou les 2 chambres. Vous aurez donc à votre disposition 46m² à minima pour votre séjour.</p>


<div class="wp-block-image">
<figure class="alignright size-large is-resized"><img loading="lazy" decoding="async" width="1024" height="683" src="https://petiteescalepouget.fr/wp-content/uploads/2025/08/PHOTO-SALON-1024x683.jpg" alt="" class="wp-image-581" style="width:387px;height:auto" srcset="https://petiteescalepouget.fr/wp-content/uploads/2025/08/PHOTO-SALON-1024x683.jpg 1024w, https://petiteescalepouget.fr/wp-content/uploads/2025/08/PHOTO-SALON-300x200.jpg 300w, https://petiteescalepouget.fr/wp-content/uploads/2025/08/PHOTO-SALON-768x512.jpg 768w, https://petiteescalepouget.fr/wp-content/uploads/2025/08/PHOTO-SALON.jpg 1500w" sizes="(max-width: 767px) 89vw, (max-width: 1000px) 54vw, (max-width: 1071px) 543px, 580px" /></figure></div>


<p>Le matin nous vous retrouverons pour vous servir un petit-déjeuner continental. &nbsp;Si vous le souhaitez, nous pourrons partager avec vous vos préparations de balades et visites.</p>


<div class="wp-block-image">
<figure class="alignright size-large is-resized"><img loading="lazy" decoding="async" width="683" height="1024" src="https://petiteescalepouget.fr/wp-content/uploads/2025/08/IMG_5250-Avec-accentuation-Bruit-683x1024.jpg" alt="" class="wp-image-498" style="width:261px;height:auto" srcset="https://petiteescalepouget.fr/wp-content/uploads/2025/08/IMG_5250-Avec-accentuation-Bruit-683x1024.jpg 683w, https://petiteescalepouget.fr/wp-content/uploads/2025/08/IMG_5250-Avec-accentuation-Bruit-200x300.jpg 200w, https://petiteescalepouget.fr/wp-content/uploads/2025/08/IMG_5250-Avec-accentuation-Bruit-768x1152.jpg 768w, https://petiteescalepouget.fr/wp-content/uploads/2025/08/IMG_5250-Avec-accentuation-Bruit.jpg 1000w" sizes="(max-width: 683px) 100vw, 683px" /></figure></div>


<p class="has-text-align-left">Le petit-déjeuner est composé de café, thé ou &nbsp;chocolat &nbsp;pour&nbsp;la&nbsp;boisson chaude,&nbsp;accompagné &nbsp;d&rsquo;un jus de fruit,&nbsp;pain,&nbsp;confiture, cake, pain d&rsquo;épice ou autres&nbsp;suivant&nbsp;l&rsquo;inspiration&nbsp;&nbsp;du moment.</p>



<p></p>



<p></p>



<p></p>



<p></p>



<p></p>



<p></p>



<p></p>



<p></p>



<p>A votre retour, vous pourrez prendre un&nbsp;moment de repos au coin du feu en hiver&nbsp;ou sur la terrasse&nbsp;aux beaux jours.</p>



<figure class="wp-block-image size-large is-resized"><img loading="lazy" decoding="async" width="683" height="1024" src="https://petiteescalepouget.fr/wp-content/uploads/2025/08/IMG_5319-683x1024.jpg" alt="" class="wp-image-533" style="width:310px;height:auto" srcset="https://petiteescalepouget.fr/wp-content/uploads/2025/08/IMG_5319-683x1024.jpg 683w, https://petiteescalepouget.fr/wp-content/uploads/2025/08/IMG_5319-200x300.jpg 200w, https://petiteescalepouget.fr/wp-content/uploads/2025/08/IMG_5319-768x1152.jpg 768w, https://petiteescalepouget.fr/wp-content/uploads/2025/08/IMG_5319.jpg 1000w" sizes="(max-width: 683px) 100vw, 683px" /></figure>



<p></p>

<p>Cette partie de la maison est entièrement privatisée pour les hôtes que la location soit pour 1 seule chambre ou les 2 chambres. Vous aurez donc à votre disposition 46m² à minima pour votre séjour. Le matin nous vous retrouverons pour vous servir un petit-déjeuner continental. &nbsp;Si vous le souhaitez, nous pourrons partager avec vous &hellip; </p>
<p class="link-more"><a href="https://petiteescalepouget.fr/index.php/chambres-et-disponibilites-2/" class="more-link">Continuer la lecture<span class="screen-reader-text"> de &laquo;&nbsp;Salon et salle petit-déjeuner&nbsp;&raquo;</span></a></p>
